{"id":1061,"date":"2019-09-21T02:59:33","date_gmt":"2019-09-21T01:59:33","guid":{"rendered":"http:\/\/angers-kendo-iaido.fr\/?page_id=1061"},"modified":"2020-08-13T14:17:56","modified_gmt":"2020-08-13T13:17:56","slug":"sport-chanbara","status":"publish","type":"page","link":"https:\/\/angers-kendo-iaido.fr\/index.php\/sport-chanbara\/","title":{"rendered":"Sport-Chanbara"},"content":{"rendered":"\n<p><strong>Chanbara est une onomatop\u00e9e japonaise qui exprime le bruit des sabres qui s&rsquo;entrechoquent lors les combats de samoura\u00efs.<\/strong><\/p>\n\n\n\n<hr class=\"wp-block-separator\"\/>\n\n\n\n<h2 class=\"wp-block-heading\">L&rsquo;origine<\/h2>\n\n\n\n<p> En <strong>1971<\/strong>, Tanabe Tetsundo  et quelques uns des meilleurs escrimeurs japonais s&rsquo;associ\u00e8rent. Bien  qu&rsquo;ils \u00e9taient assez traditionalistes, ils reconnurent que leur soci\u00e9t\u00e9  changeait rapidement et que ce que les gens ont appris 100 ans plus t\u00f4t  int\u00e9ressait moins les adolescents du XX\u00e8me si\u00e8cle, de plus en plus  attir\u00e9s par les sports ludiques occidentaux.<br><\/p>\n\n\n\n<p>\u00a0Avec  un peu d&rsquo;innovation et d&rsquo;aide de la part des sciences et technologies,  il con\u00e7ut un syst\u00e8me dans lequel les armes sont matelass\u00e9es mais pas les  combattants, ceci leur permettant une libert\u00e9 de mouvement totale  puisque le seul \u00e9quipement requis est une arme et un casque l\u00e9ger.De l\u00e0 est n\u00e9 le Sport Chanbara, art martial bas\u00e9 sur le goshinjyutu, l&rsquo;art de la self-d\u00e9fense et de l\u2019escrime libre.\u00a0<br><br>Cette  discipline s&rsquo;est propag\u00e9e \u00e0 travers le Japon, elle a m\u00eame \u00e9t\u00e9 reconnue  par le d\u00e9partement de l&rsquo;\u00e9ducation du Japon et beaucoup d&rsquo;\u00e9coles  inclurent le Sport Chanbara dans l&rsquo;\u00e9ducation physique des enfants.Une  des raisons de son succ\u00e8s est l&rsquo;absence de r\u00e8gles restrictives. <br><br>Le  Sport Chanbara se veut l\u2019h\u00e9ritier direct et fid\u00e8le des combats livr\u00e9s  entre samoura\u00efs de par son esprit et son r\u00e9alisme. A la diff\u00e9rence  d\u2019autres arts martiaux, le Sport Chanbara n\u2019a pas subit de codification  extr\u00eame puisque tous les coups susceptibles de d\u00e9faire l\u2019adversaire sont  admis.\u00a0<br><br>Il nous apprend donc qu&rsquo;il n&rsquo;y a pas de  mauvaise mani\u00e8re de combattre : un des pratiquants peut avoir des  techniques du kendo pendant que son adversaire utilise des techniques de  l&rsquo;escrime europ\u00e9enne. Les deux peuvent s&rsquo;entra\u00eener avec les m\u00eames armes  et combattre avec la m\u00eame r\u00e8gle &#8211; couper sans se faire couper &#8211; et sans  la crainte de blesser la personne en face de soi. <\/p>\n\n\n\n<ul class=\"wp-block-gallery columns-1 is-cropped wp-block-gallery-1 is-layout-flex wp-block-gallery-is-layout-flex\"><li class=\"blocks-gallery-item\"><figure><img loading=\"lazy\" decoding=\"async\" width=\"853\" height=\"1024\" src=\"https:\/\/angers-kendo-iaido.fr\/wp-content\/uploads\/2019\/09\/articleyoshimura-853x1024.jpg\" alt=\"\" data-id=\"1062\" data-link=\"https:\/\/angers-kendo-iaido.fr\/?attachment_id=1062#main\" class=\"wp-image-1062\" srcset=\"https:\/\/angers-kendo-iaido.fr\/wp-content\/uploads\/2019\/09\/articleyoshimura-853x1024.jpg 853w, https:\/\/angers-kendo-iaido.fr\/wp-content\/uploads\/2019\/09\/articleyoshimura-250x300.jpg 250w, https:\/\/angers-kendo-iaido.fr\/wp-content\/uploads\/2019\/09\/articleyoshimura-768x922.jpg 768w, https:\/\/angers-kendo-iaido.fr\/wp-content\/uploads\/2019\/09\/articleyoshimura.jpg 1154w\" sizes=\"auto, (max-width: 853px) 100vw, 853px\" \/><\/figure><\/li><\/ul>\n\n\n\n<hr class=\"wp-block-separator\"\/>\n\n\n\n<div class=\"wp-block-media-text alignwide\" style=\"grid-template-columns:32% auto\"><figure class=\"wp-block-media-text__media\"><img loading=\"lazy\" decoding=\"async\" width=\"248\" height=\"166\" src=\"https:\/\/angers-kendo-iaido.fr\/wp-content\/uploads\/2020\/08\/les-armes964image1fr1265724999L248.jpg\" alt=\"\" class=\"wp-image-1407\"\/><\/figure><div class=\"wp-block-media-text__content\">\n<h2 class=\"wp-block-heading\">Les armes<\/h2>\n\n\n\n<p> L&rsquo;un des aspects divertissant du  Sport-Chanbara est la diversit\u00e9 des armes en mousse utilis\u00e9es. Le  pratiquant commen\u00e7ant par le sabre court, arme la plus facile \u00e0 manier,  pourra essayer, suivant ses progr\u00e8s, le sabre long, les deux \u00e0 la fois,  la lance, le poignard, \u2026&nbsp;Le combat dans le Sport-Chanbara ne se fait pas seulement \u00e0 arme \u00e9gale, chacun peut prendre  l\u2019arme de son choix ; on peut se battre m\u00eame contre plusieurs  adversaires ou plusieurs contre plusieurs, rejoignant ainsi le r\u00e9alisme  des champs de bataille d\u2019autrefois. <\/p>\n<\/div><\/div>\n\n\n\n<hr class=\"wp-block-separator\"\/>\n\n\n\n<div class=\"wp-block-media-text alignwide has-media-on-the-right\"><figure class=\"wp-block-media-text__media\"><img loading=\"lazy\" decoding=\"async\" width=\"248\" height=\"372\" src=\"https:\/\/angers-kendo-iaido.fr\/wp-content\/uploads\/2020\/08\/la-tenue963image1fr1350214234L248.jpg\" alt=\"\" class=\"wp-image-1408\" srcset=\"https:\/\/angers-kendo-iaido.fr\/wp-content\/uploads\/2020\/08\/la-tenue963image1fr1350214234L248.jpg 248w, https:\/\/angers-kendo-iaido.fr\/wp-content\/uploads\/2020\/08\/la-tenue963image1fr1350214234L248-200x300.jpg 200w\" sizes=\"auto, (max-width: 248px) 100vw, 248px\" \/><\/figure><div class=\"wp-block-media-text__content\">\n<h2 class=\"wp-block-heading\">La tenue<\/h2>\n\n\n\n<p>Le Sport-Chanbara se pratique  les pieds nus et v\u00eatu d\u2019un kimono blanc avec ou sans manches (dans ce  cas, un tee-shirt \u00e0 manche longue et de couleur uni sera port\u00e9 dessous).  Il est conseill\u00e9 de porte des gants, sans armature rigide.Les pratiquants portent un casque l\u00e9ger pour prot\u00e9ger la t\u00eate. <\/p>\n<\/div><\/div>\n","protected":false},"excerpt":{"rendered":"<p>Chanbara est une onomatop\u00e9e japonaise qui exprime le bruit des sabres qui s&rsquo;entrechoquent lors les combats de samoura\u00efs. L&rsquo;origine En 1971, Tanabe Tetsundo et quelques uns des meilleurs escrimeurs japonais s&rsquo;associ\u00e8rent. Bien qu&rsquo;ils \u00e9taient assez traditionalistes, ils reconnurent que leur soci\u00e9t\u00e9 changeait rapidement et que ce que les gens ont appris 100 ans plus t\u00f4t <a class=\"more-link\" href=\"https:\/\/angers-kendo-iaido.fr\/index.php\/sport-chanbara\/\">Lire plus &#8230;<\/a><\/p>\n","protected":false},"author":2,"featured_media":960,"parent":0,"menu_order":1,"comment_status":"closed","ping_status":"closed","template":"","meta":{"footnotes":""},"class_list":["post-1061","page","type-page","status-publish","has-post-thumbnail","hentry"],"_links":{"self":[{"href":"https:\/\/angers-kendo-iaido.fr\/index.php\/wp-json\/wp\/v2\/pages\/1061","targetHints":{"allow":["GET"]}}],"collection":[{"href":"https:\/\/angers-kendo-iaido.fr\/index.php\/wp-json\/wp\/v2\/pages"}],"about":[{"href":"https:\/\/angers-kendo-iaido.fr\/index.php\/wp-json\/wp\/v2\/types\/page"}],"author":[{"embeddable":true,"href":"https:\/\/angers-kendo-iaido.fr\/index.php\/wp-json\/wp\/v2\/users\/2"}],"replies":[{"embeddable":true,"href":"https:\/\/angers-kendo-iaido.fr\/index.php\/wp-json\/wp\/v2\/comments?post=1061"}],"version-history":[{"count":2,"href":"https:\/\/angers-kendo-iaido.fr\/index.php\/wp-json\/wp\/v2\/pages\/1061\/revisions"}],"predecessor-version":[{"id":1409,"href":"https:\/\/angers-kendo-iaido.fr\/index.php\/wp-json\/wp\/v2\/pages\/1061\/revisions\/1409"}],"wp:featuredmedia":[{"embeddable":true,"href":"https:\/\/angers-kendo-iaido.fr\/index.php\/wp-json\/wp\/v2\/media\/960"}],"wp:attachment":[{"href":"https:\/\/angers-kendo-iaido.fr\/index.php\/wp-json\/wp\/v2\/media?parent=1061"}],"curies":[{"name":"wp","href":"https:\/\/api.w.org\/{rel}","templated":true}]}}