{"id":211,"date":"2016-09-28T11:54:59","date_gmt":"2016-09-28T10:54:59","guid":{"rendered":"http:\/\/angers-kendo-iaido.fr\/?page_id=211"},"modified":"2020-08-28T07:10:55","modified_gmt":"2020-08-28T06:10:55","slug":"la-culture-japonaise","status":"publish","type":"page","link":"https:\/\/angers-kendo-iaido.fr\/index.php\/la-culture-japonaise\/","title":{"rendered":"La culture Japonaise"},"content":{"rendered":"\n<p>Bienvenue dans la rubrique qui va vous parler du <strong>Japon<\/strong>. Nous parlerons de la culture Nippone \u00e0 travers, les <strong>arts martiaux<\/strong>, la <strong>culture culinaire<\/strong> et la <strong>tradition<\/strong>.<br>Retrouvez dans cette rubrique toute <strong>l\u2019histoire des samourais<\/strong> sous forme de petits articles.<\/p>\n\n\n\n<p>Bonne lecture !<\/p>\n\n\n\n<hr class=\"wp-block-separator\"\/>\n\n\n\n<div class=\"wp-block-media-text alignwide\" style=\"grid-template-columns:31% auto\"><figure class=\"wp-block-media-text__media\"><img loading=\"lazy\" decoding=\"async\" width=\"1024\" height=\"683\" src=\"https:\/\/angers-kendo-iaido.fr\/wp-content\/uploads\/2020\/08\/1200px-Flag_of_Japan.svg_-1024x683.png\" alt=\"\" class=\"wp-image-1530\" srcset=\"https:\/\/angers-kendo-iaido.fr\/wp-content\/uploads\/2020\/08\/1200px-Flag_of_Japan.svg_-1024x683.png 1024w, https:\/\/angers-kendo-iaido.fr\/wp-content\/uploads\/2020\/08\/1200px-Flag_of_Japan.svg_-300x200.png 300w, https:\/\/angers-kendo-iaido.fr\/wp-content\/uploads\/2020\/08\/1200px-Flag_of_Japan.svg_-768x512.png 768w, https:\/\/angers-kendo-iaido.fr\/wp-content\/uploads\/2020\/08\/1200px-Flag_of_Japan.svg_.png 1200w\" sizes=\"auto, (max-width: 1024px) 100vw, 1024px\" \/><\/figure><div class=\"wp-block-media-text__content\">\n<p class=\"has-large-font-size\">Le Japon<\/p>\n\n\n\n<p>Le Japon, en forme longue l&rsquo;\u00c9tat du Japon, en japonais Nihon ou Nippon (\u65e5\u672c?) et Nihon-koku ou Nippon-koku (\u65e5\u672c\u56fd?) respectivement, est un pays insulaire de l&rsquo;Asie de l&rsquo;Est, situ\u00e9 entre l&rsquo;oc\u00e9an Pacifique et la mer du Japon, \u00e0 l&rsquo;est de la Chine, de la Cor\u00e9e du Sud et de la Russie, et au nord de Ta\u00efwan. \u00c9tymologiquement, les kanjis (caract\u00e8res chinois) qui composent le nom du Japon signifient \u00ab pays (\u56fd, kuni) d&rsquo;origine (\u672c, hon) du Soleil (\u65e5, ni) \u00bb ; c&rsquo;est ainsi que le Japon est d\u00e9sign\u00e9 comme le \u00ab pays du soleil levant \u00bb.<\/p>\n\n\n\n<p>C&rsquo;est un archipel de 6 852 \u00eeles.  les quatre plus grandes sont Hokkaid\u014d, Honsh\u016b, Shikoku et Ky\u016bsh\u016b,  repr\u00e9sentant \u00e0 elles seules 95 % de la superficie terrestre du pays.  L&rsquo;archipel s&rsquo;\u00e9tend sur plus de trois mille kilom\u00e8tres. La plupart des  \u00eeles sont montagneuses, parfois volcaniques. Ainsi, le plus haut sommet  du Japon, le mont Fuji (3 776 m), est un volcan inactif depuis 1707. Le Japon est le onzi\u00e8me pays le plus peupl\u00e9 du monde, avec environ 127 millions d&rsquo;habitants pour 377 975 km25 (337 hab.\/km2), dont l&rsquo;essentiel est concentr\u00e9 sur les \u00e9troites plaines littorales du sud d&rsquo;Honsh\u016b et du nord de Shikoku et Ky\u016bsh\u016b, formant un ensemble pratiquement urbanis\u00e9 en continu appel\u00e9 \u00ab M\u00e9galopole japonaise \u00bb ou \u00ab Taiheiy\u014d Belt \u00bb (\u592a\u5e73\u6d0b\u30d9\u30eb\u30c8, Taiheiy\u014d beruto?, litt\u00e9ralement \u00ab ceinture Pacifique \u00bb). Le Grand Tokyo, qui comprend la capitaleTokyo  et plusieurs pr\u00e9fectures environnantes, est la plus grande r\u00e9gion  m\u00e9tropolitaine du monde, avec plus de 35 millions d&rsquo;habitants. <\/p>\n\n\n\n<p>Forme de l&rsquo;\u00c9tat : Monarchie constitutionnelle<br> Empereur  :  Naruhito<br> Premier ministre   : Shinz\u014d Abe<br> Langues officielles   :  Japonais<br> Capitale   :   Tokyo<\/p>\n<\/div><\/div>\n\n\n\n<hr class=\"wp-block-separator\"\/>\n","protected":false},"excerpt":{"rendered":"<p>Bienvenue dans la rubrique qui va vous parler du Japon. Nous parlerons de la culture Nippone \u00e0 travers, les arts martiaux, la culture culinaire et la tradition.Retrouvez dans cette rubrique toute l\u2019histoire des samourais sous forme de petits articles. Bonne lecture ! Le Japon Le Japon, en forme longue l&rsquo;\u00c9tat du Japon, en japonais Nihon <a class=\"more-link\" href=\"https:\/\/angers-kendo-iaido.fr\/index.php\/la-culture-japonaise\/\">Lire plus &#8230;<\/a><\/p>\n","protected":false},"author":1,"featured_media":1530,"parent":0,"menu_order":0,"comment_status":"closed","ping_status":"closed","template":"","meta":{"footnotes":""},"class_list":["post-211","page","type-page","status-publish","has-post-thumbnail","hentry"],"_links":{"self":[{"href":"https:\/\/angers-kendo-iaido.fr\/index.php\/wp-json\/wp\/v2\/pages\/211","targetHints":{"allow":["GET"]}}],"collection":[{"href":"https:\/\/angers-kendo-iaido.fr\/index.php\/wp-json\/wp\/v2\/pages"}],"about":[{"href":"https:\/\/angers-kendo-iaido.fr\/index.php\/wp-json\/wp\/v2\/types\/page"}],"author":[{"embeddable":true,"href":"https:\/\/angers-kendo-iaido.fr\/index.php\/wp-json\/wp\/v2\/users\/1"}],"replies":[{"embeddable":true,"href":"https:\/\/angers-kendo-iaido.fr\/index.php\/wp-json\/wp\/v2\/comments?post=211"}],"version-history":[{"count":12,"href":"https:\/\/angers-kendo-iaido.fr\/index.php\/wp-json\/wp\/v2\/pages\/211\/revisions"}],"predecessor-version":[{"id":1532,"href":"https:\/\/angers-kendo-iaido.fr\/index.php\/wp-json\/wp\/v2\/pages\/211\/revisions\/1532"}],"wp:featuredmedia":[{"embeddable":true,"href":"https:\/\/angers-kendo-iaido.fr\/index.php\/wp-json\/wp\/v2\/media\/1530"}],"wp:attachment":[{"href":"https:\/\/angers-kendo-iaido.fr\/index.php\/wp-json\/wp\/v2\/media?parent=211"}],"curies":[{"name":"wp","href":"https:\/\/api.w.org\/{rel}","templated":true}]}}